{"id":426,"date":"2021-03-31T15:30:59","date_gmt":"2021-03-31T13:30:59","guid":{"rendered":"https:\/\/thogra.se\/?page_id=426"},"modified":"2022-09-08T08:07:47","modified_gmt":"2022-09-08T06:07:47","slug":"integritetspolicy-gdpr","status":"publish","type":"page","link":"https:\/\/thogra.se\/?page_id=426","title":{"rendered":"Integritetspolicy GDPR"},"content":{"rendered":"<p><strong>Integritet och behandling av personuppgifter (GDPR)<\/strong><\/p>\n<p>F\u00f6r oss \u00e4r personlig integritet n\u00e5got som vi tycker \u00e4r viktigt. I denna policy beskrivs hur vi samlar in och anv\u00e4nder personuppgifter. H\u00e4r beskrivs ocks\u00e5 dina r\u00e4ttigheter och hur du kan ta dem till vara. Kontaktuppgifter till personuppgiftsansvarig och kontaktperson st\u00e5r sist i denna text<\/p>\n<p><strong>Samtycke till insamling<\/strong><\/p>\n<p>Genom att kommunicera med oss samtycker du till att vi behandlar och sparar dina uppgifter. Det kan vara uppgifter s\u00e5som: F\u00f6retagsuppgifter, f\u00f6rnamn, efternamn och kontaktuppgifter.<\/p>\n<p><strong>Behandling av uppgifter<\/strong><\/p>\n<p>Vi lagrar uppgifter om de f\u00f6retag och personer vi har en aff\u00e4rsrelation med. Syftet med detta \u00e4r att kunna skapa och uppr\u00e4tth\u00e5lla relationen och kommunikationen med v\u00e5ra kunder. Uppgifterna lagras inte l\u00e4ngre \u00e4n n\u00f6dv\u00e4ndigt.<\/p>\n<p><strong>Sp\u00e5rning av bes\u00f6k p\u00e5 webbplats<\/strong><\/p>\n<p>Vi anv\u00e4nder Google Analytics f\u00f6r att sp\u00e5ra anv\u00e4ndarinteraktioner p\u00e5 v\u00e5ra webbplatser. Datan anv\u00e4nds f\u00f6r att kunna se hur m\u00e5nga som bes\u00f6ker webbplatsen och f\u00f6r att kunna f\u00f6rst\u00e5 hur den anv\u00e4nds. Google Analytics anv\u00e4nder cookies och registrerar datorns IP-adress men delger inte den informationen till oss. D\u00e4rf\u00f6r \u00e4r den informationen vi f\u00e5r tillg\u00e5ng till inte personlig. Uppgifterna sparas i 2 m\u00e5nader efter ditt senaste bes\u00f6k.<\/p>\n<p><strong>Marknadsf\u00f6ringssyfte<\/strong><\/p>\n<p>F\u00f6r att kunna marknadsf\u00f6ra oss och v\u00e5ra produkter f\u00f6r vi register \u00f6ver potentiella kunder. Syftet \u00e4r att kunna bearbeta marknaden f\u00f6r att n\u00e5 ut med produkter och tj\u00e4nster. Uppgifterna lagras inte l\u00e4ngre \u00e4n n\u00f6dv\u00e4ndigt.<\/p>\n<p><strong>K\u00e4llor<\/strong><\/p>\n<p>Insamling av dina personuppgifter kan exempelvis ske d\u00e5 du anger dina uppgifter i samband med att du anm\u00e4ler dig f\u00f6r att f\u00e5 nyhetsbrev eller bes\u00f6ker v\u00e5r webbplats. Deltar p\u00e5 event, utst\u00e4llningar, best\u00e4ller tj\u00e4nster och\/eller produkter fr\u00e5n oss eller kommunicerar med oss. Det kan f\u00f6rekomma att vi h\u00e4mtar uppgifter fr\u00e5n tredje part.<\/p>\n<p><strong>Dina r\u00e4ttigheter<\/strong><\/p>\n<p>Enligt GDPR har varje enskild person nedanst\u00e5ende till\u00e4mpbara r\u00e4ttigheter;<\/p>\n<ul>\n<li>R\u00e4tt till radering av uppgifter<\/li>\n<li>R\u00e4tt till r\u00e4ttelse av felaktiga uppgifter<\/li>\n<li>R\u00e4tt att ta del av dina personuppgifter<\/li>\n<li>R\u00e4tt till information<\/li>\n<li>R\u00e4tt till begr\u00e4nsning<\/li>\n<li>R\u00e4tt att g\u00f6ra inv\u00e4ndningar<\/li>\n<li>R\u00e4tt till dataportabilitet<\/li>\n<\/ul>\n<p><strong>Personuppgiftsansvarig<\/strong><\/p>\n<p>F\u00f6r de behandlingar som sker inom verksamheten \u00e4r Thogra AB personuppgiftsansvarig.<\/p>\n<p>Thogra AB, org. nr. 559252-0539, Skottv\u00e4gen 24, 703 69 \u00d6rebro, Sverige.<\/p>\n<p><strong>Kontaktperson<br \/>\n<\/strong>H\u00e5kan Lemnell<\/p>\n<p><strong>E-post<\/strong><br \/>\n<a href=\"mailto:hakan@thogra.se\">hakan@thogra.se<\/a><\/p>\n<p><strong>Telefon<br \/>\n<\/strong>+46 (0) 10-489 12 01<\/p>\n<p><strong>Adress\/Brev<\/strong><br \/>\nThogra AB<br \/>\nAtt: H\u00e5kan Lemnell<br \/>\nSkottv\u00e4gen 24<br \/>\n703 69 \u00d6rebro<\/p>\n","protected":false},"excerpt":{"rendered":"<p>Integritet och behandling av personuppgifter (GDPR) F\u00f6r oss \u00e4r personlig integritet n\u00e5got som vi tycker \u00e4r viktigt. I denna policy beskrivs hur vi samlar in och anv\u00e4nder personuppgifter. H\u00e4r beskrivs ocks\u00e5 dina r\u00e4ttigheter och hur du kan ta dem till vara. Kontaktuppgifter till personuppgiftsansvarig och kontaktperson st\u00e5r sist i denna text Samtycke till insamling Genom &hellip;<\/p>\n<p class=\"read-more\"> <a class=\"\" href=\"https:\/\/thogra.se\/?page_id=426\"> <span class=\"screen-reader-text\">Integritetspolicy GDPR<\/span> L\u00e4s mer &raquo;<\/a><\/p>\n","protected":false},"author":1,"featured_media":0,"parent":0,"menu_order":0,"comment_status":"closed","ping_status":"closed","template":"","meta":{"site-sidebar-layout":"default","site-content-layout":"default","ast-site-content-layout":"","site-content-style":"default","site-sidebar-style":"default","ast-global-header-display":"","ast-banner-title-visibility":"","ast-main-header-display":"","ast-hfb-above-header-display":"","ast-hfb-below-header-display":"","ast-hfb-mobile-header-display":"","site-post-title":"","ast-breadcrumbs-content":"","ast-featured-img":"","footer-sml-layout":"","theme-transparent-header-meta":"default","adv-header-id-meta":"","stick-header-meta":"","header-above-stick-meta":"","header-main-stick-meta":"","header-below-stick-meta":"","astra-migrate-meta-layouts":"","ast-page-background-enabled":"default","ast-page-background-meta":{"desktop":{"background-color":"","background-image":"","background-repeat":"repeat","background-position":"center center","background-size":"auto","background-attachment":"scroll","background-type":"","background-media":"","overlay-type":"","overlay-color":"","overlay-gradient":""},"tablet":{"background-color":"","background-image":"","background-repeat":"repeat","background-position":"center center","background-size":"auto","background-attachment":"scroll","background-type":"","background-media":"","overlay-type":"","overlay-color":"","overlay-gradient":""},"mobile":{"background-color":"","background-image":"","background-repeat":"repeat","background-position":"center center","background-size":"auto","background-attachment":"scroll","background-type":"","background-media":"","overlay-type":"","overlay-color":"","overlay-gradient":""}},"ast-content-background-meta":{"desktop":{"background-color":"var(--ast-global-color-5)","background-image":"","background-repeat":"repeat","background-position":"center center","background-size":"auto","background-attachment":"scroll","background-type":"","background-media":"","overlay-type":"","overlay-color":"","overlay-gradient":""},"tablet":{"background-color":"var(--ast-global-color-5)","background-image":"","background-repeat":"repeat","background-position":"center center","background-size":"auto","background-attachment":"scroll","background-type":"","background-media":"","overlay-type":"","overlay-color":"","overlay-gradient":""},"mobile":{"background-color":"var(--ast-global-color-5)","background-image":"","background-repeat":"repeat","background-position":"center center","background-size":"auto","background-attachment":"scroll","background-type":"","background-media":"","overlay-type":"","overlay-color":"","overlay-gradient":""}},"footnotes":""},"class_list":["post-426","page","type-page","status-publish","hentry"],"jetpack_sharing_enabled":true,"_links":{"self":[{"href":"https:\/\/thogra.se\/index.php?rest_route=\/wp\/v2\/pages\/426","targetHints":{"allow":["GET"]}}],"collection":[{"href":"https:\/\/thogra.se\/index.php?rest_route=\/wp\/v2\/pages"}],"about":[{"href":"https:\/\/thogra.se\/index.php?rest_route=\/wp\/v2\/types\/page"}],"author":[{"embeddable":true,"href":"https:\/\/thogra.se\/index.php?rest_route=\/wp\/v2\/users\/1"}],"replies":[{"embeddable":true,"href":"https:\/\/thogra.se\/index.php?rest_route=%2Fwp%2Fv2%2Fcomments&post=426"}],"version-history":[{"count":7,"href":"https:\/\/thogra.se\/index.php?rest_route=\/wp\/v2\/pages\/426\/revisions"}],"predecessor-version":[{"id":6344,"href":"https:\/\/thogra.se\/index.php?rest_route=\/wp\/v2\/pages\/426\/revisions\/6344"}],"wp:attachment":[{"href":"https:\/\/thogra.se\/index.php?rest_route=%2Fwp%2Fv2%2Fmedia&parent=426"}],"curies":[{"name":"wp","href":"https:\/\/api.w.org\/{rel}","templated":true}]}}